{"id":3095,"date":"2021-02-24T10:58:28","date_gmt":"2021-02-24T10:58:28","guid":{"rendered":"https:\/\/tecnoam.es\/?post_type=project&#038;p=3095"},"modified":"2021-03-03T10:35:19","modified_gmt":"2021-03-03T10:35:19","slug":"autoconsumo-comunidad-torre-altamira","status":"publish","type":"project","link":"https:\/\/tecnoam.es\/?project=autoconsumo-comunidad-torre-altamira","title":{"rendered":"Comunidad Torre Altamira 5,25kWp"},"content":{"rendered":"\n<p><strong>Montaje e instalaci\u00f3n, de\u00a0la primera fotovoltaica de autoconsumo comunitario en Castilla y Le\u00f3n.<\/strong><\/p>\n\n\n\n<p>Se trata de la comunidad de vecinos Torre Altamira, situada en la Avenida Casado del Alisal (Palencia). Desde\u00a0<strong>Tecnoam<\/strong>\u00a0ayudamos a esta comunidad, pionera en la provincia, a llevar a cabo este proyecto de \u00edndole tecnol\u00f3gica, social y ambiental.<\/p>\n\n\n\n<p>Dicha instalaci\u00f3n proporciona la energ\u00eda el\u00e9ctrica (ascensores, iluminaci\u00f3n del portal y garajes) de esta comunidad de 66 vecinos, posibilitando una<strong> bajada del t\u00e9rmino de potencia del contrato de 21kw a 7kw<\/strong>, lo que supondr\u00e1 un ahorro aproximado de unos 3.000\u20ac anuales. Para ello, se vale de un sistema que consta de 5250Wp en paneles solares monocristalinos y un inversor SMA STP-5000TL. Para la inyecci\u00f3n cero se ha utilizado un equipo PRISMA 310.<\/p>\n","protected":false},"excerpt":{"rendered":"<p>Montaje e instalaci\u00f3n, de\u00a0la primera fotovoltaica de autoconsumo comunitario en Castilla y Le\u00f3n. Se trata de la comunidad de vecinos Torre Altamira, situada en la Avenida Casado del Alisal (Palencia). Desde\u00a0Tecnoam\u00a0ayudamos a esta comunidad, pionera en la provincia, a llevar a cabo este proyecto de \u00edndole tecnol\u00f3gica, social y ambiental. Dicha instalaci\u00f3n proporciona la energ\u00eda [&hellip;]<\/p>\n","protected":false},"author":1,"featured_media":3096,"comment_status":"closed","ping_status":"closed","template":"","meta":{"_et_pb_use_builder":"off","_et_pb_old_content":"","_et_gb_content_width":"","footnotes":""},"project_category":[38],"project_tag":[42,46,43],"class_list":["post-3095","project","type-project","status-publish","has-post-thumbnail","hentry","project_category-autoconsumo-fotovoltaico-on-grid","project_tag-autoconsumo","project_tag-autoconsumo-comunitario","project_tag-fotovoltaica"],"yoast_head":"<!-- This site is optimized with the Yoast SEO plugin v24.0 - https:\/\/yoast.com\/wordpress\/plugins\/seo\/ -->\n<title>Comunidad Torre Altamira 5,25kWp - Tecnoam<\/title>\n<meta name=\"robots\" content=\"index, follow, max-snippet:-1, max-image-preview:large, max-video-preview:-1\" \/>\n<link rel=\"canonical\" href=\"https:\/\/tecnoam.es\/?project=autoconsumo-comunidad-torre-altamira\" \/>\n<meta property=\"og:locale\" content=\"es_ES\" \/>\n<meta property=\"og:type\" content=\"article\" \/>\n<meta property=\"og:title\" content=\"Comunidad Torre Altamira 5,25kWp - Tecnoam\" \/>\n<meta property=\"og:description\" content=\"Montaje e instalaci\u00f3n, de\u00a0la primera fotovoltaica de autoconsumo comunitario en Castilla y Le\u00f3n. Se trata de la comunidad de vecinos Torre Altamira, situada en la Avenida Casado del Alisal (Palencia). Desde\u00a0Tecnoam\u00a0ayudamos a esta comunidad, pionera en la provincia, a llevar a cabo este proyecto de \u00edndole tecnol\u00f3gica, social y ambiental. Dicha instalaci\u00f3n proporciona la energ\u00eda [&hellip;]\" \/>\n<meta property=\"og:url\" content=\"https:\/\/tecnoam.es\/?project=autoconsumo-comunidad-torre-altamira\" \/>\n<meta property=\"og:site_name\" content=\"Tecnoam\" \/>\n<meta property=\"article:publisher\" content=\"https:\/\/www.facebook.com\/tecnoamsl\" \/>\n<meta property=\"article:modified_time\" content=\"2021-03-03T10:35:19+00:00\" \/>\n<meta property=\"og:image\" content=\"https:\/\/tecnoam.es\/wp-content\/uploads\/2021\/02\/10kWp.jpg\" \/>\n\t<meta property=\"og:image:width\" content=\"1024\" \/>\n\t<meta property=\"og:image:height\" content=\"548\" \/>\n\t<meta property=\"og:image:type\" content=\"image\/jpeg\" \/>\n<meta name=\"twitter:card\" content=\"summary_large_image\" \/>\n<meta name=\"twitter:site\" content=\"@tecnoamsl\" \/>\n<meta name=\"twitter:label1\" content=\"Tiempo de lectura\" \/>\n\t<meta name=\"twitter:data1\" content=\"1 minuto\" \/>\n<script type=\"application\/ld+json\" class=\"yoast-schema-graph\">{\"@context\":\"https:\/\/schema.org\",\"@graph\":[{\"@type\":\"WebPage\",\"@id\":\"https:\/\/tecnoam.es\/?project=autoconsumo-comunidad-torre-altamira\",\"url\":\"https:\/\/tecnoam.es\/?project=autoconsumo-comunidad-torre-altamira\",\"name\":\"Comunidad Torre Altamira 5,25kWp - Tecnoam\",\"isPartOf\":{\"@id\":\"https:\/\/tecnoam.es\/#website\"},\"primaryImageOfPage\":{\"@id\":\"https:\/\/tecnoam.es\/?project=autoconsumo-comunidad-torre-altamira#primaryimage\"},\"image\":{\"@id\":\"https:\/\/tecnoam.es\/?project=autoconsumo-comunidad-torre-altamira#primaryimage\"},\"thumbnailUrl\":\"https:\/\/tecnoam.es\/wp-content\/uploads\/2021\/02\/10kWp.jpg\",\"datePublished\":\"2021-02-24T10:58:28+00:00\",\"dateModified\":\"2021-03-03T10:35:19+00:00\",\"breadcrumb\":{\"@id\":\"https:\/\/tecnoam.es\/?project=autoconsumo-comunidad-torre-altamira#breadcrumb\"},\"inLanguage\":\"es\",\"potentialAction\":[{\"@type\":\"ReadAction\",\"target\":[\"https:\/\/tecnoam.es\/?project=autoconsumo-comunidad-torre-altamira\"]}]},{\"@type\":\"ImageObject\",\"inLanguage\":\"es\",\"@id\":\"https:\/\/tecnoam.es\/?project=autoconsumo-comunidad-torre-altamira#primaryimage\",\"url\":\"https:\/\/tecnoam.es\/wp-content\/uploads\/2021\/02\/10kWp.jpg\",\"contentUrl\":\"https:\/\/tecnoam.es\/wp-content\/uploads\/2021\/02\/10kWp.jpg\",\"width\":1024,\"height\":548,\"caption\":\"Torre Altamira\"},{\"@type\":\"BreadcrumbList\",\"@id\":\"https:\/\/tecnoam.es\/?project=autoconsumo-comunidad-torre-altamira#breadcrumb\",\"itemListElement\":[{\"@type\":\"ListItem\",\"position\":1,\"name\":\"Portada\",\"item\":\"https:\/\/tecnoam.es\/\"},{\"@type\":\"ListItem\",\"position\":2,\"name\":\"Proyectos\",\"item\":\"https:\/\/tecnoam.es\/?post_type=project\"},{\"@type\":\"ListItem\",\"position\":3,\"name\":\"Comunidad Torre Altamira 5,25kWp\"}]},{\"@type\":\"WebSite\",\"@id\":\"https:\/\/tecnoam.es\/#website\",\"url\":\"https:\/\/tecnoam.es\/\",\"name\":\"Tecnoam\",\"description\":\"Instalaci\u00f3n y mantenimiento de energ\u00eda solar fotovoltaica\",\"publisher\":{\"@id\":\"https:\/\/tecnoam.es\/#organization\"},\"potentialAction\":[{\"@type\":\"SearchAction\",\"target\":{\"@type\":\"EntryPoint\",\"urlTemplate\":\"https:\/\/tecnoam.es\/?s={search_term_string}\"},\"query-input\":{\"@type\":\"PropertyValueSpecification\",\"valueRequired\":true,\"valueName\":\"search_term_string\"}}],\"inLanguage\":\"es\"},{\"@type\":\"Organization\",\"@id\":\"https:\/\/tecnoam.es\/#organization\",\"name\":\"Tecnoam\",\"url\":\"https:\/\/tecnoam.es\/\",\"logo\":{\"@type\":\"ImageObject\",\"inLanguage\":\"es\",\"@id\":\"https:\/\/tecnoam.es\/#\/schema\/logo\/image\/\",\"url\":\"\",\"contentUrl\":\"\",\"caption\":\"Tecnoam\"},\"image\":{\"@id\":\"https:\/\/tecnoam.es\/#\/schema\/logo\/image\/\"},\"sameAs\":[\"https:\/\/www.facebook.com\/tecnoamsl\",\"https:\/\/x.com\/tecnoamsl\",\"https:\/\/www.linkedin.com\/company\/tecnoam\"]}]}<\/script>\n<!-- \/ Yoast SEO plugin. -->","yoast_head_json":{"title":"Comunidad Torre Altamira 5,25kWp - Tecnoam","robots":{"index":"index","follow":"follow","max-snippet":"max-snippet:-1","max-image-preview":"max-image-preview:large","max-video-preview":"max-video-preview:-1"},"canonical":"https:\/\/tecnoam.es\/?project=autoconsumo-comunidad-torre-altamira","og_locale":"es_ES","og_type":"article","og_title":"Comunidad Torre Altamira 5,25kWp - Tecnoam","og_description":"Montaje e instalaci\u00f3n, de\u00a0la primera fotovoltaica de autoconsumo comunitario en Castilla y Le\u00f3n. Se trata de la comunidad de vecinos Torre Altamira, situada en la Avenida Casado del Alisal (Palencia). Desde\u00a0Tecnoam\u00a0ayudamos a esta comunidad, pionera en la provincia, a llevar a cabo este proyecto de \u00edndole tecnol\u00f3gica, social y ambiental. Dicha instalaci\u00f3n proporciona la energ\u00eda [&hellip;]","og_url":"https:\/\/tecnoam.es\/?project=autoconsumo-comunidad-torre-altamira","og_site_name":"Tecnoam","article_publisher":"https:\/\/www.facebook.com\/tecnoamsl","article_modified_time":"2021-03-03T10:35:19+00:00","og_image":[{"width":1024,"height":548,"url":"https:\/\/tecnoam.es\/wp-content\/uploads\/2021\/02\/10kWp.jpg","type":"image\/jpeg"}],"twitter_card":"summary_large_image","twitter_site":"@tecnoamsl","twitter_misc":{"Tiempo de lectura":"1 minuto"},"schema":{"@context":"https:\/\/schema.org","@graph":[{"@type":"WebPage","@id":"https:\/\/tecnoam.es\/?project=autoconsumo-comunidad-torre-altamira","url":"https:\/\/tecnoam.es\/?project=autoconsumo-comunidad-torre-altamira","name":"Comunidad Torre Altamira 5,25kWp - Tecnoam","isPartOf":{"@id":"https:\/\/tecnoam.es\/#website"},"primaryImageOfPage":{"@id":"https:\/\/tecnoam.es\/?project=autoconsumo-comunidad-torre-altamira#primaryimage"},"image":{"@id":"https:\/\/tecnoam.es\/?project=autoconsumo-comunidad-torre-altamira#primaryimage"},"thumbnailUrl":"https:\/\/tecnoam.es\/wp-content\/uploads\/2021\/02\/10kWp.jpg","datePublished":"2021-02-24T10:58:28+00:00","dateModified":"2021-03-03T10:35:19+00:00","breadcrumb":{"@id":"https:\/\/tecnoam.es\/?project=autoconsumo-comunidad-torre-altamira#breadcrumb"},"inLanguage":"es","potentialAction":[{"@type":"ReadAction","target":["https:\/\/tecnoam.es\/?project=autoconsumo-comunidad-torre-altamira"]}]},{"@type":"ImageObject","inLanguage":"es","@id":"https:\/\/tecnoam.es\/?project=autoconsumo-comunidad-torre-altamira#primaryimage","url":"https:\/\/tecnoam.es\/wp-content\/uploads\/2021\/02\/10kWp.jpg","contentUrl":"https:\/\/tecnoam.es\/wp-content\/uploads\/2021\/02\/10kWp.jpg","width":1024,"height":548,"caption":"Torre Altamira"},{"@type":"BreadcrumbList","@id":"https:\/\/tecnoam.es\/?project=autoconsumo-comunidad-torre-altamira#breadcrumb","itemListElement":[{"@type":"ListItem","position":1,"name":"Portada","item":"https:\/\/tecnoam.es\/"},{"@type":"ListItem","position":2,"name":"Proyectos","item":"https:\/\/tecnoam.es\/?post_type=project"},{"@type":"ListItem","position":3,"name":"Comunidad Torre Altamira 5,25kWp"}]},{"@type":"WebSite","@id":"https:\/\/tecnoam.es\/#website","url":"https:\/\/tecnoam.es\/","name":"Tecnoam","description":"Instalaci\u00f3n y mantenimiento de energ\u00eda solar fotovoltaica","publisher":{"@id":"https:\/\/tecnoam.es\/#organization"},"potentialAction":[{"@type":"SearchAction","target":{"@type":"EntryPoint","urlTemplate":"https:\/\/tecnoam.es\/?s={search_term_string}"},"query-input":{"@type":"PropertyValueSpecification","valueRequired":true,"valueName":"search_term_string"}}],"inLanguage":"es"},{"@type":"Organization","@id":"https:\/\/tecnoam.es\/#organization","name":"Tecnoam","url":"https:\/\/tecnoam.es\/","logo":{"@type":"ImageObject","inLanguage":"es","@id":"https:\/\/tecnoam.es\/#\/schema\/logo\/image\/","url":"","contentUrl":"","caption":"Tecnoam"},"image":{"@id":"https:\/\/tecnoam.es\/#\/schema\/logo\/image\/"},"sameAs":["https:\/\/www.facebook.com\/tecnoamsl","https:\/\/x.com\/tecnoamsl","https:\/\/www.linkedin.com\/company\/tecnoam"]}]}},"jetpack_sharing_enabled":true,"_links":{"self":[{"href":"https:\/\/tecnoam.es\/index.php?rest_route=\/wp\/v2\/project\/3095","targetHints":{"allow":["GET"]}}],"collection":[{"href":"https:\/\/tecnoam.es\/index.php?rest_route=\/wp\/v2\/project"}],"about":[{"href":"https:\/\/tecnoam.es\/index.php?rest_route=\/wp\/v2\/types\/project"}],"author":[{"embeddable":true,"href":"https:\/\/tecnoam.es\/index.php?rest_route=\/wp\/v2\/users\/1"}],"replies":[{"embeddable":true,"href":"https:\/\/tecnoam.es\/index.php?rest_route=%2Fwp%2Fv2%2Fcomments&post=3095"}],"version-history":[{"count":7,"href":"https:\/\/tecnoam.es\/index.php?rest_route=\/wp\/v2\/project\/3095\/revisions"}],"predecessor-version":[{"id":3380,"href":"https:\/\/tecnoam.es\/index.php?rest_route=\/wp\/v2\/project\/3095\/revisions\/3380"}],"wp:featuredmedia":[{"embeddable":true,"href":"https:\/\/tecnoam.es\/index.php?rest_route=\/wp\/v2\/media\/3096"}],"wp:attachment":[{"href":"https:\/\/tecnoam.es\/index.php?rest_route=%2Fwp%2Fv2%2Fmedia&parent=3095"}],"wp:term":[{"taxonomy":"project_category","embeddable":true,"href":"https:\/\/tecnoam.es\/index.php?rest_route=%2Fwp%2Fv2%2Fproject_category&post=3095"},{"taxonomy":"project_tag","embeddable":true,"href":"https:\/\/tecnoam.es\/index.php?rest_route=%2Fwp%2Fv2%2Fproject_tag&post=3095"}],"curies":[{"name":"wp","href":"https:\/\/api.w.org\/{rel}","templated":true}]}}

<p><strong>Montaje e instalación, de la primera fotovoltaica de autoconsumo comunitario en Castilla y León.</strong></p>



<p>Se trata de la comunidad de vecinos Torre Altamira, situada en la Avenida Casado del Alisal (Palencia). Desde <strong>Tecnoam</strong> ayudamos a esta comunidad, pionera en la provincia, a llevar a cabo este proyecto de índole tecnológica, social y ambiental.</p>



<p>Dicha instalación proporciona la energía eléctrica (ascensores, iluminación del portal y garajes) de esta comunidad de 66 vecinos, posibilitando una<strong> bajada del término de potencia del contrato de 21kw a 7kw</strong>, lo que supondrá un ahorro aproximado de unos 3.000€ anuales. Para ello, se vale de un sistema que consta de 5250Wp en paneles solares monocristalinos y un inversor SMA STP-5000TL. Para la inyección cero se ha utilizado un equipo PRISMA 310.</p>

<p>Montaje e instalación, de la primera fotovoltaica de autoconsumo comunitario en Castilla y León. Se trata de la comunidad de vecinos Torre Altamira, situada en la Avenida Casado del Alisal (Palencia). Desde Tecnoam ayudamos a esta comunidad, pionera en la provincia, a llevar a cabo este proyecto de índole tecnológica, social y ambiental. Dicha instalación proporciona la energía [&hellip;]</p>

<!-- This site is optimized with the Yoast SEO plugin v24.0 - https://yoast.com/wordpress/plugins/seo/ -->
<title>Comunidad Torre Altamira 5,25kWp - Tecnoam</title>
<meta name="robots" content="index, follow, max-snippet:-1, max-image-preview:large, max-video-preview:-1" />
<link rel="canonical" href="https://tecnoam.es/?project=autoconsumo-comunidad-torre-altamira" />
<meta property="og:locale" content="es_ES" />
<meta property="og:type" content="article" />
<meta property="og:title" content="Comunidad Torre Altamira 5,25kWp - Tecnoam" />
<meta property="og:description" content="Montaje e instalación, de la primera fotovoltaica de autoconsumo comunitario en Castilla y León. Se trata de la comunidad de vecinos Torre Altamira, situada en la Avenida Casado del Alisal (Palencia). Desde Tecnoam ayudamos a esta comunidad, pionera en la provincia, a llevar a cabo este proyecto de índole tecnológica, social y ambiental. Dicha instalación proporciona la energía [&hellip;]" />
<meta property="og:url" content="https://tecnoam.es/?project=autoconsumo-comunidad-torre-altamira" />
<meta property="og:site_name" content="Tecnoam" />
<meta property="article:publisher" content="https://www.facebook.com/tecnoamsl" />
<meta property="article:modified_time" content="2021-03-03T10:35:19+00:00" />
<meta property="og:image" content="https://tecnoam.es/wp-content/uploads/2021/02/10kWp.jpg" />
	<meta property="og:image:width" content="1024" />
	<meta property="og:image:height" content="548" />
	<meta property="og:image:type" content="image/jpeg" />
<meta name="twitter:card" content="summary_large_image" />
<meta name="twitter:site" content="@tecnoamsl" />
<meta name="twitter:label1" content="Tiempo de lectura" />
	<meta name="twitter:data1" content="1 minuto" />
<script type="application/ld+json" class="yoast-schema-graph">{"@context":"https://schema.org","@graph":[{"@type":"WebPage","@id":"https://tecnoam.es/?project=autoconsumo-comunidad-torre-altamira","url":"https://tecnoam.es/?project=autoconsumo-comunidad-torre-altamira","name":"Comunidad Torre Altamira 5,25kWp - Tecnoam","isPartOf":{"@id":"https://tecnoam.es/#website"},"primaryImageOfPage":{"@id":"https://tecnoam.es/?project=autoconsumo-comunidad-torre-altamira#primaryimage"},"image":{"@id":"https://tecnoam.es/?project=autoconsumo-comunidad-torre-altamira#primaryimage"},"thumbnailUrl":"https://tecnoam.es/wp-content/uploads/2021/02/10kWp.jpg","datePublished":"2021-02-24T10:58:28+00:00","dateModified":"2021-03-03T10:35:19+00:00","breadcrumb":{"@id":"https://tecnoam.es/?project=autoconsumo-comunidad-torre-altamira#breadcrumb"},"inLanguage":"es","potentialAction":[{"@type":"ReadAction","target":["https://tecnoam.es/?project=autoconsumo-comunidad-torre-altamira"]}]},{"@type":"ImageObject","inLanguage":"es","@id":"https://tecnoam.es/?project=autoconsumo-comunidad-torre-altamira#primaryimage","url":"https://tecnoam.es/wp-content/uploads/2021/02/10kWp.jpg","contentUrl":"https://tecnoam.es/wp-content/uploads/2021/02/10kWp.jpg","width":1024,"height":548,"caption":"Torre Altamira"},{"@type":"BreadcrumbList","@id":"https://tecnoam.es/?project=autoconsumo-comunidad-torre-altamira#breadcrumb","itemListElement":[{"@type":"ListItem","position":1,"name":"Portada","item":"https://tecnoam.es/"},{"@type":"ListItem","position":2,"name":"Proyectos","item":"https://tecnoam.es/?post_type=project"},{"@type":"ListItem","position":3,"name":"Comunidad Torre Altamira 5,25kWp"}]},{"@type":"WebSite","@id":"https://tecnoam.es/#website","url":"https://tecnoam.es/","name":"Tecnoam","description":"Instalación y mantenimiento de energía solar fotovoltaica","publisher":{"@id":"https://tecnoam.es/#organization"},"potentialAction":[{"@type":"SearchAction","target":{"@type":"EntryPoint","urlTemplate":"https://tecnoam.es/?s={search_term_string}"},"query-input":{"@type":"PropertyValueSpecification","valueRequired":true,"valueName":"search_term_string"}}],"inLanguage":"es"},{"@type":"Organization","@id":"https://tecnoam.es/#organization","name":"Tecnoam","url":"https://tecnoam.es/","logo":{"@type":"ImageObject","inLanguage":"es","@id":"https://tecnoam.es/#/schema/logo/image/","url":"","contentUrl":"","caption":"Tecnoam"},"image":{"@id":"https://tecnoam.es/#/schema/logo/image/"},"sameAs":["https://www.facebook.com/tecnoamsl","https://x.com/tecnoamsl","https://www.linkedin.com/company/tecnoam"]}]}</script>
<!-- / Yoast SEO plugin. -->

Montaje e instalación, de la primera fotovoltaica de autoconsumo comunitario en Castilla y León. Se trata de la comunidad de vecinos Torre Altamira, situada en la Avenida Casado del Alisal (Palencia). Desde Tecnoam ayudamos a esta comunidad, pionera en la provincia, a llevar a cabo este proyecto de índole tecnológica, social y ambiental. Dicha instalación proporciona la energía [&hellip;]

Instalación y mantenimiento de energía solar fotovoltaica
