{"id":4676,"date":"2024-01-19T11:37:34","date_gmt":"2024-01-19T11:37:34","guid":{"rendered":"https:\/\/tecnoam.es\/?page_id=4676"},"modified":"2024-01-25T10:13:12","modified_gmt":"2024-01-25T10:13:12","slug":"domotica","status":"publish","type":"page","link":"https:\/\/tecnoam.es\/?page_id=4676","title":{"rendered":"Dom\u00f3tica"},"content":{"rendered":"<p>[et_pb_section fb_built=\u00bb1&#8243; _builder_version=\u00bb4.24.0&#8243; _module_preset=\u00bbdefault\u00bb custom_padding=\u00bb0px||||false|false\u00bb global_colors_info=\u00bb{}\u00bb][et_pb_row make_equal=\u00bbon\u00bb _builder_version=\u00bb4.24.0&#8243; _module_preset=\u00bbdefault\u00bb custom_margin=\u00bb0px||0px||false|false\u00bb custom_padding=\u00bb0px||||false|false\u00bb global_colors_info=\u00bb{}\u00bb max_width__hover_enabled=\u00bboff|desktop\u00bb][et_pb_column type=\u00bb4_4&#8243; _builder_version=\u00bb4.23.4&#8243; _module_preset=\u00bbdefault\u00bb global_colors_info=\u00bb{}\u00bb][et_pb_text _builder_version=\u00bb4.24.0&#8243; _module_preset=\u00bbdefault\u00bb text_font=\u00bb|300|||||||\u00bb text_text_color=\u00bb#FFFFFF\u00bb text_font_size=\u00bb21px\u00bb header_font=\u00bb|800|||||||\u00bb header_text_color=\u00bb#FFFFFF\u00bb header_font_size=\u00bb40px\u00bb header_2_font=\u00bb|300|||||||\u00bb header_2_text_color=\u00bb#FFFFFF\u00bb header_2_font_size=\u00bb23px\u00bb header_2_line_height=\u00bb1.1em\u00bb background_color=\u00bb#282828&#8243; width=\u00bb100%\u00bb custom_padding=\u00bb30px|30px|30px|30px|false|false\u00bb global_colors_info=\u00bb{}\u00bb]<\/p>\n<h1>D\u00f3motica, tu casa, una smarthome.<\/h1>\n<p>Te presentamos ejemplos pr\u00e1cticos, de qu\u00e9 puede aportar la dom\u00f3tica a tu vivienda, en conceptos de <strong>seguridad<\/strong>, <strong>optimizaci\u00f3n energ\u00e9tica<\/strong>, <strong>bienestar y confort<\/strong>, <strong>control remoto y monitorizaci\u00f3n<\/strong>, etc.<\/p>\n<p><span style=\"background-color: yellow; color: #000;\"><strong>Tu autoconsumo solar, es energ\u00e9ticamente eficiente, pero a\u00fan hay m\u00e1s.\u00a0<\/strong><\/span><\/p>\n<p>[\/et_pb_text][\/et_pb_column][\/et_pb_row][et_pb_row column_structure=\u00bb1_3,2_3&#8243; _builder_version=\u00bb4.24.0&#8243; _module_preset=\u00bbdefault\u00bb global_colors_info=\u00bb{}\u00bb][et_pb_column type=\u00bb1_3&#8243; _builder_version=\u00bb4.23.4&#8243; _module_preset=\u00bbdefault\u00bb global_colors_info=\u00bb{}\u00bb][et_pb_image src=\u00bbhttps:\/\/tecnoam.es\/wp-content\/uploads\/2024\/01\/ab1fab0c-fb17-462c-8af2-9019ec7b33e8.jpg\u00bb title_text=\u00bb_ab1fab0c-fb17-462c-8af2-9019ec7b33e8&#8243; _builder_version=\u00bb4.24.0&#8243; _module_preset=\u00bbdefault\u00bb border_radii=\u00bbon|8px|8px|8px|8px\u00bb border_width_all=\u00bb1px\u00bb border_style_all=\u00bbdashed\u00bb global_colors_info=\u00bb{}\u00bb][\/et_pb_image][\/et_pb_column][et_pb_column type=\u00bb2_3&#8243; _builder_version=\u00bb4.23.4&#8243; _module_preset=\u00bbdefault\u00bb global_colors_info=\u00bb{}\u00bb][et_pb_text _builder_version=\u00bb4.24.0&#8243; _module_preset=\u00bbdefault\u00bb text_font=\u00bb|300|||||||\u00bb text_font_size=\u00bb18px\u00bb header_3_font=\u00bb|800|||||||\u00bb header_3_font_size=\u00bb30px\u00bb hover_enabled=\u00bb0&#8243; global_colors_info=\u00bb{}\u00bb text_text_color=\u00bb#000000&#8243; header_text_color=\u00bb#000000&#8243; header_3_text_color=\u00bb#000000&#8243; sticky_enabled=\u00bb0&#8243;]<\/p>\n<h3>Control del sistema de calefacci\u00f3n.<\/h3>\n<p>Si se trata de una vivienda habitual, el <strong>control dom\u00f3tico<\/strong> del <strong>sistema de calefacci\u00f3n<\/strong>, supone una mejora en dos aspectos; <strong>ahorro energ\u00e9tico y confort<\/strong>. El control del sistema de calefacci\u00f3n posibilita la <strong>detecci\u00f3n de ventanas abiertas<\/strong>, la <strong>automatizaci\u00f3n por horas y estancias<\/strong>, <strong>bloqueo infantil<\/strong> de las<strong> v\u00e1lvulas termost\u00e1ticas<\/strong>&#8230;<\/p>\n<blockquote>\n<p>En una segunda vivienda, la practicidad es a\u00fan mayor, ya que podemos calentar la vivienda con antelaci\u00f3n, para cuando esta sea habitada, disponer de una temperatura confortable.<\/p>\n<\/blockquote>\n<p>[\/et_pb_text][\/et_pb_column][\/et_pb_row][et_pb_row column_structure=\u00bb2_3,1_3&#8243; _builder_version=\u00bb4.24.0&#8243; _module_preset=\u00bbdefault\u00bb global_colors_info=\u00bb{}\u00bb][et_pb_column type=\u00bb2_3&#8243; _builder_version=\u00bb4.23.4&#8243; _module_preset=\u00bbdefault\u00bb global_colors_info=\u00bb{}\u00bb][et_pb_text _builder_version=\u00bb4.24.0&#8243; _module_preset=\u00bbdefault\u00bb text_font=\u00bb|300|||||||\u00bb text_font_size=\u00bb18px\u00bb header_3_font=\u00bb|800|||||||\u00bb header_3_font_size=\u00bb30px\u00bb custom_padding=\u00bb0px|||||\u00bb hover_enabled=\u00bb0&#8243; global_colors_info=\u00bb{}\u00bb header_text_color=\u00bb#000000&#8243; header_3_text_color=\u00bb#000000&#8243; text_text_color=\u00bb#000000&#8243; sticky_enabled=\u00bb0&#8243;]<\/p>\n<h3>Control remoto del riego y de las llaves de paso de suministros.<\/h3>\n<p>Abre o cierra de forma remota las llaves del suministro de agua o gas de tu vivienda. Imagina una segunda vivienda, en la que deseas activar la caldera para precalentar las diferentes estancias y tener una temperatura confortable al llegar.<\/p>\n<p>Tambi\u00e9n puedes optimizar y automatizar el riego del jard\u00edn de tu hogar, pudiendo monitorizar la salud de tus plantas.<\/p>\n<p>[\/et_pb_text][\/et_pb_column][et_pb_column type=\u00bb1_3&#8243; _builder_version=\u00bb4.23.4&#8243; _module_preset=\u00bbdefault\u00bb global_colors_info=\u00bb{}\u00bb][et_pb_image src=\u00bbhttps:\/\/tecnoam.es\/wp-content\/uploads\/2024\/01\/735b6c4d-1ca6-4bbc-b3ad-5c9942ef3013.jpg\u00bb title_text=\u00bb_735b6c4d-1ca6-4bbc-b3ad-5c9942ef3013&#8243; _builder_version=\u00bb4.24.0&#8243; _module_preset=\u00bbdefault\u00bb border_radii=\u00bbon|8px|8px|8px|8px\u00bb border_width_all=\u00bb1px\u00bb border_style_all=\u00bbdashed\u00bb global_colors_info=\u00bb{}\u00bb][\/et_pb_image][\/et_pb_column][\/et_pb_row][et_pb_row column_structure=\u00bb1_3,2_3&#8243; _builder_version=\u00bb4.24.0&#8243; _module_preset=\u00bbdefault\u00bb global_colors_info=\u00bb{}\u00bb][et_pb_column type=\u00bb1_3&#8243; _builder_version=\u00bb4.23.4&#8243; _module_preset=\u00bbdefault\u00bb global_colors_info=\u00bb{}\u00bb][et_pb_image src=\u00bbhttps:\/\/tecnoam.es\/wp-content\/uploads\/2024\/01\/d1325303-8c6c-4377-8aef-33a3b79932cf.jpg\u00bb title_text=\u00bb_d1325303-8c6c-4377-8aef-33a3b79932cf\u00bb _builder_version=\u00bb4.24.0&#8243; _module_preset=\u00bbdefault\u00bb border_radii=\u00bbon|8px|8px|8px|8px\u00bb border_width_all=\u00bb1px\u00bb border_style_all=\u00bbdashed\u00bb global_colors_info=\u00bb{}\u00bb][\/et_pb_image][\/et_pb_column][et_pb_column type=\u00bb2_3&#8243; _builder_version=\u00bb4.23.4&#8243; _module_preset=\u00bbdefault\u00bb global_colors_info=\u00bb{}\u00bb][et_pb_text _builder_version=\u00bb4.24.0&#8243; _module_preset=\u00bbdefault\u00bb text_font=\u00bb|300|||||||\u00bb text_font_size=\u00bb18px\u00bb header_3_font=\u00bb|800|||||||\u00bb header_3_font_size=\u00bb30px\u00bb hover_enabled=\u00bb0&#8243; global_colors_info=\u00bb{}\u00bb header_text_color=\u00bb#000000&#8243; header_3_text_color=\u00bb#000000&#8243; text_text_color=\u00bb#000000&#8243; sticky_enabled=\u00bb0&#8243;]<\/p>\n<h3>Control de la iluminaci\u00f3n.<\/h3>\n<p>El control de la iluminaci\u00f3n supone varios <strong>beneficios<\/strong>; el primero que nos suele venir a la mente, es el relacionado con el <strong>confort y el ocio en el hogar<\/strong> (<strong>poder personalizar y controlar la iluminaci\u00f3n<\/strong> seg\u00fan el uso). No obstante, existen otros puntos a destacar relacionados con la <strong>eficiencia energ\u00e9tica y la optimizaci\u00f3n de costes<\/strong>; podemos saber si nos hemos dejado alguna luz encendida y apagarla al momento.<\/p>\n<p>Otro uso, de tipo preventivo, es el de programar automatizaciones que interact\u00faen con la iluminaci\u00f3n, cuando estamos fuera de casa durante un periodo determinado (como pueden ser las vacaciones) para simular presencia en la vivienda.<\/p>\n<p>[\/et_pb_text][\/et_pb_column][\/et_pb_row][et_pb_row column_structure=\u00bb2_3,1_3&#8243; _builder_version=\u00bb4.24.0&#8243; _module_preset=\u00bbdefault\u00bb global_colors_info=\u00bb{}\u00bb][et_pb_column type=\u00bb2_3&#8243; _builder_version=\u00bb4.23.4&#8243; _module_preset=\u00bbdefault\u00bb global_colors_info=\u00bb{}\u00bb][et_pb_text _builder_version=\u00bb4.24.0&#8243; _module_preset=\u00bbdefault\u00bb text_font=\u00bb|300|||||||\u00bb text_font_size=\u00bb18px\u00bb header_3_font=\u00bb|800|||||||\u00bb header_3_font_size=\u00bb30px\u00bb hover_enabled=\u00bb0&#8243; global_colors_info=\u00bb{}\u00bb header_text_color=\u00bb#000000&#8243; header_3_text_color=\u00bb#000000&#8243; text_text_color=\u00bb#000000&#8243; sticky_enabled=\u00bb0&#8243;]<\/p>\n<h3>Sistemas de sens\u00f3rica, alarma y videovigilancia.<\/h3>\n<p>Sensores para la detecci\u00f3n de inundaci\u00f3n, gas, incendio, rotura de cristales, sensores de apertura\/cierre de puertas y ventanas, temperatura y humedad, de movimiento, de presencia&#8230; incluso sensores para controlar la salud de tus plantas.<\/p>\n<p>Recibe alertas sobre los cambios sensibles que se producen en tu hogar y configura automatizaciones en funci\u00f3n de la informaci\u00f3n captada por los sensores.<\/p>\n<p>[\/et_pb_text][\/et_pb_column][et_pb_column type=\u00bb1_3&#8243; _builder_version=\u00bb4.23.4&#8243; _module_preset=\u00bbdefault\u00bb global_colors_info=\u00bb{}\u00bb][et_pb_image src=\u00bbhttps:\/\/tecnoam.es\/wp-content\/uploads\/2024\/01\/21abe8e2-7c6a-4ea1-a601-f2a32250f1c8.jpg\u00bb title_text=\u00bb_21abe8e2-7c6a-4ea1-a601-f2a32250f1c8&#8243; _builder_version=\u00bb4.24.0&#8243; _module_preset=\u00bbdefault\u00bb border_radii=\u00bbon|8px|8px|8px|8px\u00bb border_width_all=\u00bb1px\u00bb border_style_all=\u00bbdashed\u00bb global_colors_info=\u00bb{}\u00bb][\/et_pb_image][\/et_pb_column][\/et_pb_row][\/et_pb_section]<\/p>\n","protected":false},"excerpt":{"rendered":"<p>D\u00f3motica, tu casa, una smarthome. Te presentamos ejemplos pr\u00e1cticos, de qu\u00e9 puede aportar la dom\u00f3tica a tu vivienda, en conceptos de seguridad, optimizaci\u00f3n energ\u00e9tica, bienestar y confort, control remoto y monitorizaci\u00f3n, etc. Tu autoconsumo solar, es energ\u00e9ticamente eficiente, pero a\u00fan hay m\u00e1s.\u00a0Control del sistema de calefacci\u00f3n. Si se trata de una vivienda habitual, el control [&hellip;]<\/p>\n","protected":false},"author":1,"featured_media":0,"parent":0,"menu_order":0,"comment_status":"closed","ping_status":"closed","template":"","meta":{"_et_pb_use_builder":"on","_et_pb_old_content":"","_et_gb_content_width":"","footnotes":""},"class_list":["post-4676","page","type-page","status-publish","hentry"],"yoast_head":"<!-- This site is optimized with the Yoast SEO plugin v24.0 - https:\/\/yoast.com\/wordpress\/plugins\/seo\/ -->\n<title>Dom\u00f3tica - Tecnoam<\/title>\n<meta name=\"robots\" content=\"index, follow, max-snippet:-1, max-image-preview:large, max-video-preview:-1\" \/>\n<link rel=\"canonical\" href=\"https:\/\/tecnoam.es\/?page_id=4676\" \/>\n<meta property=\"og:locale\" content=\"es_ES\" \/>\n<meta property=\"og:type\" content=\"article\" \/>\n<meta property=\"og:title\" content=\"Dom\u00f3tica - Tecnoam\" \/>\n<meta property=\"og:description\" content=\"D\u00f3motica, tu casa, una smarthome. Te presentamos ejemplos pr\u00e1cticos, de qu\u00e9 puede aportar la dom\u00f3tica a tu vivienda, en conceptos de seguridad, optimizaci\u00f3n energ\u00e9tica, bienestar y confort, control remoto y monitorizaci\u00f3n, etc. Tu autoconsumo solar, es energ\u00e9ticamente eficiente, pero a\u00fan hay m\u00e1s.\u00a0Control del sistema de calefacci\u00f3n. Si se trata de una vivienda habitual, el control [&hellip;]\" \/>\n<meta property=\"og:url\" content=\"https:\/\/tecnoam.es\/?page_id=4676\" \/>\n<meta property=\"og:site_name\" content=\"Tecnoam\" \/>\n<meta property=\"article:publisher\" content=\"https:\/\/www.facebook.com\/tecnoamsl\" \/>\n<meta property=\"article:modified_time\" content=\"2024-01-25T10:13:12+00:00\" \/>\n<meta name=\"twitter:card\" content=\"summary_large_image\" \/>\n<meta name=\"twitter:site\" content=\"@tecnoamsl\" \/>\n<script type=\"application\/ld+json\" class=\"yoast-schema-graph\">{\"@context\":\"https:\/\/schema.org\",\"@graph\":[{\"@type\":\"WebPage\",\"@id\":\"https:\/\/tecnoam.es\/?page_id=4676\",\"url\":\"https:\/\/tecnoam.es\/?page_id=4676\",\"name\":\"Dom\u00f3tica - Tecnoam\",\"isPartOf\":{\"@id\":\"https:\/\/tecnoam.es\/#website\"},\"datePublished\":\"2024-01-19T11:37:34+00:00\",\"dateModified\":\"2024-01-25T10:13:12+00:00\",\"breadcrumb\":{\"@id\":\"https:\/\/tecnoam.es\/?page_id=4676#breadcrumb\"},\"inLanguage\":\"es\",\"potentialAction\":[{\"@type\":\"ReadAction\",\"target\":[\"https:\/\/tecnoam.es\/?page_id=4676\"]}]},{\"@type\":\"BreadcrumbList\",\"@id\":\"https:\/\/tecnoam.es\/?page_id=4676#breadcrumb\",\"itemListElement\":[{\"@type\":\"ListItem\",\"position\":1,\"name\":\"Portada\",\"item\":\"https:\/\/tecnoam.es\/\"},{\"@type\":\"ListItem\",\"position\":2,\"name\":\"Dom\u00f3tica\"}]},{\"@type\":\"WebSite\",\"@id\":\"https:\/\/tecnoam.es\/#website\",\"url\":\"https:\/\/tecnoam.es\/\",\"name\":\"Tecnoam\",\"description\":\"Instalaci\u00f3n y mantenimiento de energ\u00eda solar fotovoltaica\",\"publisher\":{\"@id\":\"https:\/\/tecnoam.es\/#organization\"},\"potentialAction\":[{\"@type\":\"SearchAction\",\"target\":{\"@type\":\"EntryPoint\",\"urlTemplate\":\"https:\/\/tecnoam.es\/?s={search_term_string}\"},\"query-input\":{\"@type\":\"PropertyValueSpecification\",\"valueRequired\":true,\"valueName\":\"search_term_string\"}}],\"inLanguage\":\"es\"},{\"@type\":\"Organization\",\"@id\":\"https:\/\/tecnoam.es\/#organization\",\"name\":\"Tecnoam\",\"url\":\"https:\/\/tecnoam.es\/\",\"logo\":{\"@type\":\"ImageObject\",\"inLanguage\":\"es\",\"@id\":\"https:\/\/tecnoam.es\/#\/schema\/logo\/image\/\",\"url\":\"\",\"contentUrl\":\"\",\"caption\":\"Tecnoam\"},\"image\":{\"@id\":\"https:\/\/tecnoam.es\/#\/schema\/logo\/image\/\"},\"sameAs\":[\"https:\/\/www.facebook.com\/tecnoamsl\",\"https:\/\/x.com\/tecnoamsl\",\"https:\/\/www.linkedin.com\/company\/tecnoam\"]}]}<\/script>\n<!-- \/ Yoast SEO plugin. -->","yoast_head_json":{"title":"Dom\u00f3tica - Tecnoam","robots":{"index":"index","follow":"follow","max-snippet":"max-snippet:-1","max-image-preview":"max-image-preview:large","max-video-preview":"max-video-preview:-1"},"canonical":"https:\/\/tecnoam.es\/?page_id=4676","og_locale":"es_ES","og_type":"article","og_title":"Dom\u00f3tica - Tecnoam","og_description":"D\u00f3motica, tu casa, una smarthome. Te presentamos ejemplos pr\u00e1cticos, de qu\u00e9 puede aportar la dom\u00f3tica a tu vivienda, en conceptos de seguridad, optimizaci\u00f3n energ\u00e9tica, bienestar y confort, control remoto y monitorizaci\u00f3n, etc. Tu autoconsumo solar, es energ\u00e9ticamente eficiente, pero a\u00fan hay m\u00e1s.\u00a0Control del sistema de calefacci\u00f3n. Si se trata de una vivienda habitual, el control [&hellip;]","og_url":"https:\/\/tecnoam.es\/?page_id=4676","og_site_name":"Tecnoam","article_publisher":"https:\/\/www.facebook.com\/tecnoamsl","article_modified_time":"2024-01-25T10:13:12+00:00","twitter_card":"summary_large_image","twitter_site":"@tecnoamsl","schema":{"@context":"https:\/\/schema.org","@graph":[{"@type":"WebPage","@id":"https:\/\/tecnoam.es\/?page_id=4676","url":"https:\/\/tecnoam.es\/?page_id=4676","name":"Dom\u00f3tica - Tecnoam","isPartOf":{"@id":"https:\/\/tecnoam.es\/#website"},"datePublished":"2024-01-19T11:37:34+00:00","dateModified":"2024-01-25T10:13:12+00:00","breadcrumb":{"@id":"https:\/\/tecnoam.es\/?page_id=4676#breadcrumb"},"inLanguage":"es","potentialAction":[{"@type":"ReadAction","target":["https:\/\/tecnoam.es\/?page_id=4676"]}]},{"@type":"BreadcrumbList","@id":"https:\/\/tecnoam.es\/?page_id=4676#breadcrumb","itemListElement":[{"@type":"ListItem","position":1,"name":"Portada","item":"https:\/\/tecnoam.es\/"},{"@type":"ListItem","position":2,"name":"Dom\u00f3tica"}]},{"@type":"WebSite","@id":"https:\/\/tecnoam.es\/#website","url":"https:\/\/tecnoam.es\/","name":"Tecnoam","description":"Instalaci\u00f3n y mantenimiento de energ\u00eda solar fotovoltaica","publisher":{"@id":"https:\/\/tecnoam.es\/#organization"},"potentialAction":[{"@type":"SearchAction","target":{"@type":"EntryPoint","urlTemplate":"https:\/\/tecnoam.es\/?s={search_term_string}"},"query-input":{"@type":"PropertyValueSpecification","valueRequired":true,"valueName":"search_term_string"}}],"inLanguage":"es"},{"@type":"Organization","@id":"https:\/\/tecnoam.es\/#organization","name":"Tecnoam","url":"https:\/\/tecnoam.es\/","logo":{"@type":"ImageObject","inLanguage":"es","@id":"https:\/\/tecnoam.es\/#\/schema\/logo\/image\/","url":"","contentUrl":"","caption":"Tecnoam"},"image":{"@id":"https:\/\/tecnoam.es\/#\/schema\/logo\/image\/"},"sameAs":["https:\/\/www.facebook.com\/tecnoamsl","https:\/\/x.com\/tecnoamsl","https:\/\/www.linkedin.com\/company\/tecnoam"]}]}},"jetpack_sharing_enabled":true,"_links":{"self":[{"href":"https:\/\/tecnoam.es\/index.php?rest_route=\/wp\/v2\/pages\/4676","targetHints":{"allow":["GET"]}}],"collection":[{"href":"https:\/\/tecnoam.es\/index.php?rest_route=\/wp\/v2\/pages"}],"about":[{"href":"https:\/\/tecnoam.es\/index.php?rest_route=\/wp\/v2\/types\/page"}],"author":[{"embeddable":true,"href":"https:\/\/tecnoam.es\/index.php?rest_route=\/wp\/v2\/users\/1"}],"replies":[{"embeddable":true,"href":"https:\/\/tecnoam.es\/index.php?rest_route=%2Fwp%2Fv2%2Fcomments&post=4676"}],"version-history":[{"count":23,"href":"https:\/\/tecnoam.es\/index.php?rest_route=\/wp\/v2\/pages\/4676\/revisions"}],"predecessor-version":[{"id":4883,"href":"https:\/\/tecnoam.es\/index.php?rest_route=\/wp\/v2\/pages\/4676\/revisions\/4883"}],"wp:attachment":[{"href":"https:\/\/tecnoam.es\/index.php?rest_route=%2Fwp%2Fv2%2Fmedia&parent=4676"}],"curies":[{"name":"wp","href":"https:\/\/api.w.org\/{rel}","templated":true}]}}