{"id":1992,"date":"2020-08-17T12:08:37","date_gmt":"2020-08-17T12:08:37","guid":{"rendered":"https:\/\/tecnoam.es\/?page_id=1992"},"modified":"2020-12-22T12:21:58","modified_gmt":"2020-12-22T12:21:58","slug":"fotovoltaica-de-conexion-a-red","status":"publish","type":"page","link":"https:\/\/tecnoam.es\/?page_id=1992","title":{"rendered":"Energ\u00eda solar fotovoltaica de conexi\u00f3n a red"},"content":{"rendered":"\n[et_pb_section fb_built=\u00bb1&#8243; _builder_version=\u00bb4.5.6&#8243; _module_preset=\u00bbdefault\u00bb alt=\u00bbConexi\u00f3n a red Sayat\u00f3n\u00bb title_text=\u00bbConexi\u00f3n a red Sayat\u00f3n\u00bb background_image=\u00bbhttps:\/\/tecnoam.es\/wp-content\/uploads\/2016\/06\/conexionredsayaton.jpg\u00bb hover_enabled=\u00bb0&#8243; parallax=\u00bbon\u00bb][et_pb_row _builder_version=\u00bb4.5.6&#8243; _module_preset=\u00bbdefault\u00bb column_structure=\u00bb1_2,1_2&#8243; hover_enabled=\u00bb0&#8243;][et_pb_column _builder_version=\u00bb4.5.6&#8243; _module_preset=\u00bbdefault\u00bb type=\u00bb1_2&#8243;][\/et_pb_column][et_pb_column _builder_version=\u00bb4.5.6&#8243; _module_preset=\u00bbdefault\u00bb type=\u00bb1_2&#8243;][et_pb_text _builder_version=\u00bb4.5.6&#8243; _module_preset=\u00bbdefault\u00bb header_font=\u00bb|800|||||||\u00bb header_text_color=\u00bb#ffffff\u00bb hover_enabled=\u00bb0&#8243; text_font_size=\u00bb20px\u00bb text_text_color=\u00bb#ffffff\u00bb background_color=\u00bbrgba(0,0,0,0.48)\u00bb custom_padding=\u00bb20px|20px|20px|20px|false|false\u00bb]<h1>Instalaciones de energ\u00eda solar fotovoltaica de conexi\u00f3n a red<\/h1>\nPara la venta de la producci\u00f3n a la compa\u00f1\u00eda el\u00e9ctrica<\/p>[\/et_pb_text][\/et_pb_column][\/et_pb_row][\/et_pb_section][et_pb_section fb_built=\u00bb1&#8243; _builder_version=\u00bb4.5.6&#8243; _module_preset=\u00bbdefault\u00bb][et_pb_row column_structure=\u00bb1_2,1_2&#8243; _builder_version=\u00bb4.5.6&#8243; _module_preset=\u00bbdefault\u00bb][et_pb_column type=\u00bb1_2&#8243; _builder_version=\u00bb4.5.6&#8243; _module_preset=\u00bbdefault\u00bb][et_pb_text _builder_version=\u00bb4.5.6&#8243; _module_preset=\u00bbdefault\u00bb text_font=\u00bb||||||||\u00bb text_font_size=\u00bb18px\u00bb header_font=\u00bb|800|||||||\u00bb hover_enabled=\u00bb0&#8243; header_font_size=\u00bb36px\u00bb]<h1>Energ\u00eda solar fotovoltaica de conexi\u00f3n a red<\/h1>\n<p>Una instalaci\u00f3n solar fotovoltaica, con conexi\u00f3n a red, destina la energ\u00eda el\u00e9ctrica generada, a la venta de la producci\u00f3n a la compa\u00f1\u00eda el\u00e9ctrica.\n\nEn este tipo de instalaciones, cuando existe producci\u00f3n de energ\u00eda el\u00e9ctrica, la instalaci\u00f3n, inyecta toda la producci\u00f3n a la red, cuando no se genera electricidad, la instalaci\u00f3n permanecer\u00e1 inactiva.\n\n<p>Cabe destacar, que es un tipo de instalaci\u00f3n fiable, con un mantenimiento menos complejo, ya que no necesitan bater\u00edas.<\/p>[\/et_pb_text][\/et_pb_column][et_pb_column type=\u00bb1_2&#8243; _builder_version=\u00bb4.5.6&#8243; _module_preset=\u00bbdefault\u00bb][et_pb_image src=\u00bbhttps:\/\/tecnoam.es\/wp-content\/uploads\/2020\/08\/19488751_1448405541871764_4495065302999135909_o.jpg\u00bb alt=\u00bbInstalaci\u00f3n Serna\u00bb title_text=\u00bbInstalaci\u00f3n Serna\u00bb _builder_version=\u00bb4.5.6&#8243; _module_preset=\u00bbdefault\u00bb box_shadow_style=\u00bbpreset3&#8243;][\/et_pb_image][\/et_pb_column][\/et_pb_row][\/et_pb_section]\n","protected":false},"excerpt":{"rendered":"<p>Instalaciones de energ\u00eda solar fotovoltaica de conexi\u00f3n a red Para la venta de la producci\u00f3n a la compa\u00f1\u00eda el\u00e9ctricaEnerg\u00eda solar fotovoltaica de conexi\u00f3n a red Una instalaci\u00f3n solar fotovoltaica, con conexi\u00f3n a red, destina la energ\u00eda el\u00e9ctrica generada, a la venta de la producci\u00f3n a la compa\u00f1\u00eda el\u00e9ctrica. En este tipo de instalaciones, cuando existe [&hellip;]<\/p>\n","protected":false},"author":1,"featured_media":0,"parent":0,"menu_order":0,"comment_status":"closed","ping_status":"closed","template":"","meta":{"_et_pb_use_builder":"on","_et_pb_old_content":"","_et_gb_content_width":"","footnotes":""},"class_list":["post-1992","page","type-page","status-publish","hentry"],"yoast_head":"<!-- This site is optimized with the Yoast SEO plugin v24.0 - https:\/\/yoast.com\/wordpress\/plugins\/seo\/ -->\n<title>Energ\u00eda solar fotovoltaica de conexi\u00f3n a red - Tecnoam<\/title>\n<meta name=\"description\" content=\"Instalaciones de energ\u00eda solar fotovoltaica de conexi\u00f3n a red, destinadas a la venta de la energ\u00eda generada.\" \/>\n<meta name=\"robots\" content=\"index, follow, max-snippet:-1, max-image-preview:large, max-video-preview:-1\" \/>\n<link rel=\"canonical\" href=\"https:\/\/tecnoam.es\/?page_id=1992\" \/>\n<meta property=\"og:locale\" content=\"es_ES\" \/>\n<meta property=\"og:type\" content=\"article\" \/>\n<meta property=\"og:title\" content=\"Energ\u00eda solar fotovoltaica de conexi\u00f3n a red - Tecnoam\" \/>\n<meta property=\"og:description\" content=\"Instalaciones de energ\u00eda solar fotovoltaica de conexi\u00f3n a red, destinadas a la venta de la energ\u00eda generada.\" \/>\n<meta property=\"og:url\" content=\"https:\/\/tecnoam.es\/?page_id=1992\" \/>\n<meta property=\"og:site_name\" content=\"Tecnoam\" \/>\n<meta property=\"article:publisher\" content=\"https:\/\/www.facebook.com\/tecnoamsl\" \/>\n<meta property=\"article:modified_time\" content=\"2020-12-22T12:21:58+00:00\" \/>\n<meta name=\"twitter:card\" content=\"summary_large_image\" \/>\n<meta name=\"twitter:site\" content=\"@tecnoamsl\" \/>\n<meta name=\"twitter:label1\" content=\"Tiempo de lectura\" \/>\n\t<meta name=\"twitter:data1\" content=\"2 minutos\" \/>\n<script type=\"application\/ld+json\" class=\"yoast-schema-graph\">{\"@context\":\"https:\/\/schema.org\",\"@graph\":[{\"@type\":\"WebPage\",\"@id\":\"https:\/\/tecnoam.es\/?page_id=1992\",\"url\":\"https:\/\/tecnoam.es\/?page_id=1992\",\"name\":\"Energ\u00eda solar fotovoltaica de conexi\u00f3n a red - Tecnoam\",\"isPartOf\":{\"@id\":\"https:\/\/tecnoam.es\/#website\"},\"datePublished\":\"2020-08-17T12:08:37+00:00\",\"dateModified\":\"2020-12-22T12:21:58+00:00\",\"description\":\"Instalaciones de energ\u00eda solar fotovoltaica de conexi\u00f3n a red, destinadas a la venta de la energ\u00eda generada.\",\"breadcrumb\":{\"@id\":\"https:\/\/tecnoam.es\/?page_id=1992#breadcrumb\"},\"inLanguage\":\"es\",\"potentialAction\":[{\"@type\":\"ReadAction\",\"target\":[\"https:\/\/tecnoam.es\/?page_id=1992\"]}]},{\"@type\":\"BreadcrumbList\",\"@id\":\"https:\/\/tecnoam.es\/?page_id=1992#breadcrumb\",\"itemListElement\":[{\"@type\":\"ListItem\",\"position\":1,\"name\":\"Portada\",\"item\":\"https:\/\/tecnoam.es\/\"},{\"@type\":\"ListItem\",\"position\":2,\"name\":\"Energ\u00eda solar fotovoltaica de conexi\u00f3n a red\"}]},{\"@type\":\"WebSite\",\"@id\":\"https:\/\/tecnoam.es\/#website\",\"url\":\"https:\/\/tecnoam.es\/\",\"name\":\"Tecnoam\",\"description\":\"Instalaci\u00f3n y mantenimiento de energ\u00eda solar fotovoltaica\",\"publisher\":{\"@id\":\"https:\/\/tecnoam.es\/#organization\"},\"potentialAction\":[{\"@type\":\"SearchAction\",\"target\":{\"@type\":\"EntryPoint\",\"urlTemplate\":\"https:\/\/tecnoam.es\/?s={search_term_string}\"},\"query-input\":{\"@type\":\"PropertyValueSpecification\",\"valueRequired\":true,\"valueName\":\"search_term_string\"}}],\"inLanguage\":\"es\"},{\"@type\":\"Organization\",\"@id\":\"https:\/\/tecnoam.es\/#organization\",\"name\":\"Tecnoam\",\"url\":\"https:\/\/tecnoam.es\/\",\"logo\":{\"@type\":\"ImageObject\",\"inLanguage\":\"es\",\"@id\":\"https:\/\/tecnoam.es\/#\/schema\/logo\/image\/\",\"url\":\"\",\"contentUrl\":\"\",\"caption\":\"Tecnoam\"},\"image\":{\"@id\":\"https:\/\/tecnoam.es\/#\/schema\/logo\/image\/\"},\"sameAs\":[\"https:\/\/www.facebook.com\/tecnoamsl\",\"https:\/\/x.com\/tecnoamsl\",\"https:\/\/www.linkedin.com\/company\/tecnoam\"]}]}<\/script>\n<!-- \/ Yoast SEO plugin. -->","yoast_head_json":{"title":"Energ\u00eda solar fotovoltaica de conexi\u00f3n a red - Tecnoam","description":"Instalaciones de energ\u00eda solar fotovoltaica de conexi\u00f3n a red, destinadas a la venta de la energ\u00eda generada.","robots":{"index":"index","follow":"follow","max-snippet":"max-snippet:-1","max-image-preview":"max-image-preview:large","max-video-preview":"max-video-preview:-1"},"canonical":"https:\/\/tecnoam.es\/?page_id=1992","og_locale":"es_ES","og_type":"article","og_title":"Energ\u00eda solar fotovoltaica de conexi\u00f3n a red - Tecnoam","og_description":"Instalaciones de energ\u00eda solar fotovoltaica de conexi\u00f3n a red, destinadas a la venta de la energ\u00eda generada.","og_url":"https:\/\/tecnoam.es\/?page_id=1992","og_site_name":"Tecnoam","article_publisher":"https:\/\/www.facebook.com\/tecnoamsl","article_modified_time":"2020-12-22T12:21:58+00:00","twitter_card":"summary_large_image","twitter_site":"@tecnoamsl","twitter_misc":{"Tiempo de lectura":"2 minutos"},"schema":{"@context":"https:\/\/schema.org","@graph":[{"@type":"WebPage","@id":"https:\/\/tecnoam.es\/?page_id=1992","url":"https:\/\/tecnoam.es\/?page_id=1992","name":"Energ\u00eda solar fotovoltaica de conexi\u00f3n a red - Tecnoam","isPartOf":{"@id":"https:\/\/tecnoam.es\/#website"},"datePublished":"2020-08-17T12:08:37+00:00","dateModified":"2020-12-22T12:21:58+00:00","description":"Instalaciones de energ\u00eda solar fotovoltaica de conexi\u00f3n a red, destinadas a la venta de la energ\u00eda generada.","breadcrumb":{"@id":"https:\/\/tecnoam.es\/?page_id=1992#breadcrumb"},"inLanguage":"es","potentialAction":[{"@type":"ReadAction","target":["https:\/\/tecnoam.es\/?page_id=1992"]}]},{"@type":"BreadcrumbList","@id":"https:\/\/tecnoam.es\/?page_id=1992#breadcrumb","itemListElement":[{"@type":"ListItem","position":1,"name":"Portada","item":"https:\/\/tecnoam.es\/"},{"@type":"ListItem","position":2,"name":"Energ\u00eda solar fotovoltaica de conexi\u00f3n a red"}]},{"@type":"WebSite","@id":"https:\/\/tecnoam.es\/#website","url":"https:\/\/tecnoam.es\/","name":"Tecnoam","description":"Instalaci\u00f3n y mantenimiento de energ\u00eda solar fotovoltaica","publisher":{"@id":"https:\/\/tecnoam.es\/#organization"},"potentialAction":[{"@type":"SearchAction","target":{"@type":"EntryPoint","urlTemplate":"https:\/\/tecnoam.es\/?s={search_term_string}"},"query-input":{"@type":"PropertyValueSpecification","valueRequired":true,"valueName":"search_term_string"}}],"inLanguage":"es"},{"@type":"Organization","@id":"https:\/\/tecnoam.es\/#organization","name":"Tecnoam","url":"https:\/\/tecnoam.es\/","logo":{"@type":"ImageObject","inLanguage":"es","@id":"https:\/\/tecnoam.es\/#\/schema\/logo\/image\/","url":"","contentUrl":"","caption":"Tecnoam"},"image":{"@id":"https:\/\/tecnoam.es\/#\/schema\/logo\/image\/"},"sameAs":["https:\/\/www.facebook.com\/tecnoamsl","https:\/\/x.com\/tecnoamsl","https:\/\/www.linkedin.com\/company\/tecnoam"]}]}},"jetpack_sharing_enabled":true,"_links":{"self":[{"href":"https:\/\/tecnoam.es\/index.php?rest_route=\/wp\/v2\/pages\/1992","targetHints":{"allow":["GET"]}}],"collection":[{"href":"https:\/\/tecnoam.es\/index.php?rest_route=\/wp\/v2\/pages"}],"about":[{"href":"https:\/\/tecnoam.es\/index.php?rest_route=\/wp\/v2\/types\/page"}],"author":[{"embeddable":true,"href":"https:\/\/tecnoam.es\/index.php?rest_route=\/wp\/v2\/users\/1"}],"replies":[{"embeddable":true,"href":"https:\/\/tecnoam.es\/index.php?rest_route=%2Fwp%2Fv2%2Fcomments&post=1992"}],"version-history":[{"count":1,"href":"https:\/\/tecnoam.es\/index.php?rest_route=\/wp\/v2\/pages\/1992\/revisions"}],"predecessor-version":[{"id":2545,"href":"https:\/\/tecnoam.es\/index.php?rest_route=\/wp\/v2\/pages\/1992\/revisions\/2545"}],"wp:attachment":[{"href":"https:\/\/tecnoam.es\/index.php?rest_route=%2Fwp%2Fv2%2Fmedia&parent=1992"}],"curies":[{"name":"wp","href":"https:\/\/api.w.org\/{rel}","templated":true}]}}